 digit of q?
4
Let s be (-1)/5 + 280/25. Suppose s*w = 9*w + 234. What is the tens digit of w?
1
Let a be ((-8)/(-12))/((-1)/(-6)). Suppose -2*t + p - 7 = -5*t, -10 = -3*t - a*p. Suppose -3*c = 2*k - 1, -t*k + 2 - 6 = 4*c. What is the units digit of k?
8
Suppose 2*p + 10 = 7*p. Suppose -p*d = -3 - 5. Suppose d*o - 7 = 37. What is the tens digit of o?
1
Let g be (-1 + 4)*-1*-1. Suppose 3*h - 8 = 5*q, 7*h = 3*h - 4*q + 32. Suppose -h = -5*v + g*v. What is the units digit of v?
3
Suppose -3*n + 387 = -0*n. Suppose -6*b + n = -633. What is the tens digit of b?
2
Suppose s = -n + 2, 2*s - 3*n - 6 = s. Let w(p) = 2*p**3 - 3*p**s - 50 + 42 + 3*p. What is the tens digit of w(-4)?
4
Let p(o) = -3*o + 3. Let a be p(-1). What is the units digit of (-4)/a + 3472/24?
4
Let k(i) = -47*i - 170. What is the units digit of k(-22)?
4
Suppose -3*l + 4*q = -162, -3*l - 2*l - 4*q + 302 = 0. What is the tens digit of l?
5
Let x be -2*(-3778)/14 - (-6)/21. Suppose 0 = -4*t + x + 228. What is the units digit of t?
2
Let y = -39 + 4. Let p be 2*2/8 - 270/(-4). Let a = p + y. What is the units digit of a?
3
Let c(b) be the second derivative of 73*b**4/12 - b**3/3 + b**2/2 - 17*b. What is the tens digit of c(1)?
7
Let d(v) = v + 6. Let o be d(-7). Let f be (o - 3) + (-36)/(-4). Suppose 4*h + 221 = 3*x, f*x - 310 = -8*h + 3*h. What is the tens digit of x?
6
Let a = -379 + 45. Let h = -142 - a. What is the units digit of h?
2
Let j be 4/28 - (-937)/7. Suppose 5*b + 5*p - 365 = 0, 2*b + p = 5*p + j. What is the units digit of b?
1
Suppose -4*s - b = -s + 114, -2*s - b - 76 = 0. Let c = -21 - s. What is the tens digit of c?
1
Let g(z) = z**2 - 1. Let t(y) = -4*y**2 - 15*y + 10. Let m(a) = 2*g(a) - t(a). What is the units digit of m(4)?
4
What is the units digit of (0 + 1)/(-4) - (-19065)/372?
1
Let u(y) = -y**3 + 7*y**2 - y - 9. What is the tens digit of u(-5)?
9
Let a(j) = -29*j + 3. Let k(l) = -30*l + 2. Let b(q) = 2*a(q) - 3*k(q). What is the units digit of b(2)?
4
Let k(f) be the third derivative of f**4/2 + 3*f**3 - 4*f**2. Let i be k(8). Let y = i + -66. What is the tens digit of y?
4
Let i(v) = -v + 2*v + v. Let d(a) = -2*a**2 - 16*a - 10. Let n be d(-7). What is the units digit of i(n)?
8
Suppose 0 = -o + 5*o + 4*q - 20, -5*q = -5*o - 25. Suppose 4*i + 5*w + 88 = 0, i + o*w - w = -22. What is the units digit of (-11)/i + (-74)/(-4)?
9
What is the thousands digit of (575/(-20))/(2166/(-432) - -5)?
2
Suppose 0 = 322*k - 328*k + 3552. What is the hundreds digit of k?
5
Suppose 0*f - 4*l + 166 = -3*f, 171 = -3*f + 3*l. Let a = f + 63. What is the units digit of a?
1
Suppose -22338 = -5*g - 172*f + 171*f, 0 = -f + 3. What is the tens digit of g?
6
Let w(u) be the first derivative of -2*u**3/3 + 14*u**2 + 35*u + 37. What is the units digit of w(15)?
5
Suppose 5 - 45 = -4*r. Suppose -r + 0 = -5*p. Suppose -u = -p*n - 17, -4*u + 7*u - 45 = 3*n. What is the tens digit of u?
1
Let q(a) be the first derivative of 6*a**3 - a**2 + a - 3. What is the tens digit of q(2)?
6
Let h(v) be the first derivative of -v**3/3 + 3*v**2 - v + 2. Let k be 3/2*210/63. What is the units digit of h(k)?
4
Let p be (-15)/(-6)*(3 + -1). Suppose 4*h + p - 9 = 0. What is the units digit of h?
1
Let l = -11 - -17. Suppose -3*u + m - 182 = 0, -m = 1 - l. Let f = u + 83. What is the units digit of f?
4
Suppose k = 2*k - 856. What is the units digit of k?
6
Let s(b) = -4682*b**3 + 2*b**2 + 15*b + 13. What is the thousands digit of s(-1)?
4
Suppose 14523 = 7*p - 2536. What is the tens digit of p?
3
Let l(c) = 4*c**2 + c. Let k be l(-1). Suppose -1 = -k*g + 4*f - 0, g - 22 = -3*f. Suppose -h - 4 = -g. What is the units digit of h?
3
Let y = 306 + -120. What is the units digit of y?
6
Let c = 107 + 23. Let w = c - 23. What is the units digit of w?
7
Suppose s - 2*h + 3 = 7, -h - 5 = -2*s. Let d be (-3)/(-2)*(-4)/s. Let x(t) = -t + 3. What is the units digit of x(d)?
6
Let k = 427 - -1211. What is the thousands digit of k?
1
Let j(z) = z + 14. Let o be j(12). Suppose -o - 106 = 3*v. What is the units digit of v/(-12) + 6/(-9)?
3
Let o(v) be the first derivative of v**4/4 + 3*v**3/2 + 3*v**2 - 7*v - 9. Let h(r) be the first derivative of o(r). What is the tens digit of h(-6)?
6
Let a = 33 - 31. Suppose -400 - 46 = -a*y. What is the units digit of y?
3
Let k(t) = -t**2 + 6*t - 13. Let n be k(11). Suppose -3*f - 386 = -3*x - 8*f, -253 = -2*x + f. Let l = n + x. What is the units digit of l?
9
Let o(n) be the third derivative of -35*n**4/12 + n**3/2 - 14*n**2. What is the tens digit of o(-2)?
4
Let c(o) = o**3 + 2*o**2 + 58. Let k be (2/6)/((-25)/225). Let d be (k - -2)*(-1 - -1). What is the tens digit of c(d)?
5
Let m = 0 + 5. Suppose -h = -m*x + 1 + 4, -7 = 4*x - 3*h. Suppose 5*v - 5*c = -c + 40, 0 = 2*v - x*c - 18. What is the units digit of v?
4
Let s(d) = d**2 - d - 1. Let v(f) = 23*f**2 - 3*f - 26. Let m(j) = -6*s(j) + v(j). What is the units digit of m(3)?
2
Suppose 0 = -2*g - 12 - 8. Let u = -11 - g. What is the units digit of ((-2)/(-2))/(u/(-13))?
3
Suppose 5*k - 4*h - 27 = 1012, -20 = -5*h. What is the units digit of k?
1
Suppose 3*o - 4*o = u - 29, u = 5*o + 23. Let w = u + 54. What is the units digit of w?
2
Let r = 599 - 430. What is the hundreds digit of r?
1
Suppose 4*g = 3*h + 21, -h - 5*g + 0*g = -12. Let m be (-1 + 0)*-12 - h. What is the units digit of 10/m*25*3?
0
Suppose -4*s + 4*w + 3208 = 0, -4*w - 6551 = -5*s - 2541. What is the hundreds digit of s?
8
Suppose -1615 - 1465 = -7*i. Suppose 0 = -11*u + 15*u - i. What is the units digit of u?
0
Let w = 12245 - 7225. What is the thousands digit of w?
5
Let w be (0 - 1)/3 + 12880/48. Suppose w = 3*r + 34. What is the tens digit of r?
7
Suppose r = -3*h + h + 2, -4*r = 8. Let o(w) = 4*w - 7. Let u be o(3). Suppose 4*y - u*m = -y + 35, -h*y + 2 = -5*m. What is the tens digit of y?
1
Let s = 3126 - 1924. What is the hundreds digit of s?
2
What is the units digit of (-1 + -3065)/(201/(-268))?
8
Let i = 2 - -6. Let s = i + -4. Suppose -20 = -s*o - a, o - 10 = -o - 5*a. What is the units digit of o?
5
Suppose 3140 = 4*q + 4*r, -4*q + 3137 = -3*r + 4*r. Suppose -2*p - 6*p = -q. What is the tens digit of p?
9
Let m = 2930 - 1716. What is the hundreds digit of m?
2
Suppose s - 15 - 13 = 0. Suppose -2*z = s - 8. What is the units digit of ((-8)/z)/((-8)/(-320))?
2
Let j(r) = -r**2 + 15*r + 19. Let p be j(16). Suppose k + 938 = 2*t, p*t - 6*t + 933 = -k. What is the tens digit of (k/3)/(-4) - -1?
8
Suppose -115*w - 48813 = -168*w. What is the tens digit of w?
2
Suppose -4*h = -3*i + 2*i - 41, 0 = -4*i - h - 249. Let n = i - -143. Suppose n + 74 = 3*m. What is the units digit of m?
2
Let x(d) = -d - 6. Let o(p) = 2*p + 5. Let a(y) = 6*o(y) + 5*x(y). Let j be a(-4). What is the units digit of ((-434)/j)/((-2)/(-4))?
1
Let x(p) = -p. Suppose 12 = 3*n - 0. Let i be x(n). Let b(j) = -9*j - 7. What is the tens digit of b(i)?
2
Let t(h) = 15*h + 1. Suppose -q - 7 = -2*f - 0*q, 3*f = q + 10. Suppose -3*w - 5*o - 5 - 3 = 0, 0 = f*w - o - 16. What is the units digit of t(w)?
1
Suppose 0 = -0*r - 4*r, 2*r - 4210 = -5*k. What is the tens digit of k?
4
Suppose 5*y + 10 = 4*y. What is the units digit of 139 - y/(0 - 2)?
4
Let m(h) = -h**3 + 2*h**2 + 4*h - 1. Let a be m(3). Let p(w) = 31*w**2 + 1. Let v be p(-1). Suppose -v = -a*o - 2*o. What is the units digit of o?
8
Let c(l) = -l**3 + 11*l**2 + 4. Let i be c(11). Suppose i*b + n - 296 = 0, 5*n - 9*n = b - 89. What is the units digit of b?
3
What is the hundreds digit of -111*(-177)/27 - 2/3?
7
Let t = -806 - -4680. What is the tens digit of t?
7
Suppose 3*w + 5*k - 14451 = 4*k, 0 = -4*w + k + 19261. What is the units digit of w?
6
Let p = -14 - -8. Let t(r) = -r**2 - 5*r + 13. Let s be t(p). What is the tens digit of 3*7 - (s - 6)?
2
Let o(u) = 3*u**2 + 8*u + 47. What is the hundreds digit of o(10)?
4
Suppose 3*r + d - 15 = -d, 0 = -r + 3*d + 16. Let k = r + -3. What is the units digit of k?
4
Suppose -3*p + 1522 + 3029 = 0. What is the thousands digit of p?
1
Let b(s) = -6*s - 30. Let c be b(-5). Suppose -14*u + 19*u = -5*p + 605, c = 2*u - 8. What is the units digit of p?
7
Let y(r) = -r**3 + 5*r**2 + 2*r - 5. Let i be y(5). Let s be (-1)/5 - 14/i. Let c(o) = -11*o + 7. What is the units digit of c(s)?
0
Supp